{"id":103,"date":"2023-01-11T19:05:15","date_gmt":"2023-01-11T19:05:15","guid":{"rendered":"https:\/\/www.zorg.swiezepomysly.pl\/?page_id=103"},"modified":"2023-01-12T08:49:32","modified_gmt":"2023-01-12T08:49:32","slug":"zorginici","status":"publish","type":"page","link":"https:\/\/www.zorg.swiezepomysly.pl\/","title":{"rendered":"ZORGINICI CZYLI PRZYPADEK SZCZEG\u00d3LNY"},"content":{"rendered":"\n<figure class=\"wp-block-image alignfull size-large\"><img decoding=\"async\" loading=\"lazy\" width=\"1024\" height=\"768\" src=\"https:\/\/www.zorg.swiezepomysly.pl\/wp-content\/uploads\/2023\/01\/237-1024x768.jpg\" alt=\"\" class=\"wp-image-112\" srcset=\"https:\/\/www.zorg.swiezepomysly.pl\/wp-content\/uploads\/2023\/01\/237-1024x768.jpg 1024w, https:\/\/www.zorg.swiezepomysly.pl\/wp-content\/uploads\/2023\/01\/237-300x225.jpg 300w, https:\/\/www.zorg.swiezepomysly.pl\/wp-content\/uploads\/2023\/01\/237-768x576.jpg 768w, https:\/\/www.zorg.swiezepomysly.pl\/wp-content\/uploads\/2023\/01\/237-1536x1153.jpg 1536w, https:\/\/www.zorg.swiezepomysly.pl\/wp-content\/uploads\/2023\/01\/237.jpg 1599w\" sizes=\"(max-width: 1024px) 100vw, 1024px\" \/><\/figure>\n\n\n\n<p><strong>ZORGINICI W GRUZJI 2019  <\/strong><\/p>\n\n\n\n<p>Poni\u017cej znajduje si\u0119 galeria postaci. Galeria jest w trakcie tworzenia. Brakuje mi zdj\u0119\u0107 pozosta\u0142ych Zorginit\u00f3w.<\/p>\n\n\n\n<div class=\"is-layout-flex wp-container-9 wp-block-columns\">\n<div class=\"is-layout-flow wp-block-column\">\n<div class=\"is-layout-flex wp-container-3 wp-block-columns\">\n<div class=\"is-layout-flow wp-block-column\">\n<figure class=\"wp-block-image size-large\"><img decoding=\"async\" loading=\"lazy\" width=\"768\" height=\"1024\" src=\"https:\/\/www.zorg.swiezepomysly.pl\/wp-content\/uploads\/2023\/01\/20190801_1249100-768x1024.jpg\" alt=\"\" class=\"wp-image-105\" srcset=\"https:\/\/www.zorg.swiezepomysly.pl\/wp-content\/uploads\/2023\/01\/20190801_1249100-768x1024.jpg 768w, https:\/\/www.zorg.swiezepomysly.pl\/wp-content\/uploads\/2023\/01\/20190801_1249100-225x300.jpg 225w, https:\/\/www.zorg.swiezepomysly.pl\/wp-content\/uploads\/2023\/01\/20190801_1249100-1152x1536.jpg 1152w, https:\/\/www.zorg.swiezepomysly.pl\/wp-content\/uploads\/2023\/01\/20190801_1249100-1536x2048.jpg 1536w, https:\/\/www.zorg.swiezepomysly.pl\/wp-content\/uploads\/2023\/01\/20190801_1249100-scaled.jpg 1920w\" sizes=\"(max-width: 768px) 100vw, 768px\" \/><figcaption class=\"wp-element-caption\">Hrabia<\/figcaption><\/figure>\n<\/div>\n\n\n\n<div class=\"is-layout-flow wp-block-column\">\n<figure class=\"wp-block-image size-full\"><img decoding=\"async\" loading=\"lazy\" width=\"450\" height=\"600\" src=\"https:\/\/www.zorg.swiezepomysly.pl\/wp-content\/uploads\/2023\/01\/o-027_wynik.jpg\" alt=\"\" class=\"wp-image-107\" srcset=\"https:\/\/www.zorg.swiezepomysly.pl\/wp-content\/uploads\/2023\/01\/o-027_wynik.jpg 450w, https:\/\/www.zorg.swiezepomysly.pl\/wp-content\/uploads\/2023\/01\/o-027_wynik-225x300.jpg 225w\" sizes=\"(max-width: 450px) 100vw, 450px\" \/><figcaption class=\"wp-element-caption\">Cebul<\/figcaption><\/figure>\n<\/div>\n<\/div>\n<\/div>\n\n\n\n<div class=\"is-layout-flow wp-block-column\">\n<div class=\"is-layout-flex wp-container-7 wp-block-columns\">\n<div class=\"is-layout-flow wp-block-column\">\n<figure class=\"wp-block-image size-large\"><a href=\"https:\/\/www.zorg.swiezepomysly.pl\/?page_id=92\"><img decoding=\"async\" loading=\"lazy\" width=\"768\" height=\"1024\" src=\"https:\/\/www.zorg.swiezepomysly.pl\/wp-content\/uploads\/2023\/01\/grigorij-768x1024.jpg\" alt=\"\" class=\"wp-image-108\" srcset=\"https:\/\/www.zorg.swiezepomysly.pl\/wp-content\/uploads\/2023\/01\/grigorij-768x1024.jpg 768w, https:\/\/www.zorg.swiezepomysly.pl\/wp-content\/uploads\/2023\/01\/grigorij-225x300.jpg 225w, https:\/\/www.zorg.swiezepomysly.pl\/wp-content\/uploads\/2023\/01\/grigorij-1152x1536.jpg 1152w, https:\/\/www.zorg.swiezepomysly.pl\/wp-content\/uploads\/2023\/01\/grigorij-1536x2048.jpg 1536w, https:\/\/www.zorg.swiezepomysly.pl\/wp-content\/uploads\/2023\/01\/grigorij-scaled.jpg 1920w\" sizes=\"(max-width: 768px) 100vw, 768px\" \/><\/a><figcaption class=\"wp-element-caption\"><a href=\"https:\/\/www.zorg.swiezepomysly.pl\/?page_id=92\">Kobi<\/a><\/figcaption><\/figure>\n<\/div>\n\n\n\n<div class=\"is-layout-flow wp-block-column\">\n<figure class=\"wp-block-image size-large\"><img decoding=\"async\" loading=\"lazy\" width=\"768\" height=\"1024\" src=\"https:\/\/www.zorg.swiezepomysly.pl\/wp-content\/uploads\/2023\/01\/o-013-768x1024.jpg\" alt=\"\" class=\"wp-image-109\" srcset=\"https:\/\/www.zorg.swiezepomysly.pl\/wp-content\/uploads\/2023\/01\/o-013-768x1024.jpg 768w, https:\/\/www.zorg.swiezepomysly.pl\/wp-content\/uploads\/2023\/01\/o-013-225x300.jpg 225w, https:\/\/www.zorg.swiezepomysly.pl\/wp-content\/uploads\/2023\/01\/o-013-1152x1536.jpg 1152w, https:\/\/www.zorg.swiezepomysly.pl\/wp-content\/uploads\/2023\/01\/o-013-1536x2048.jpg 1536w, https:\/\/www.zorg.swiezepomysly.pl\/wp-content\/uploads\/2023\/01\/o-013-scaled.jpg 1920w\" sizes=\"(max-width: 768px) 100vw, 768px\" \/><figcaption class=\"wp-element-caption\">Szubi<\/figcaption><\/figure>\n<\/div>\n<\/div>\n<\/div>\n<\/div>\n","protected":false},"excerpt":{"rendered":"<p>ZORGINICI W GRUZJI 2019 Poni\u017cej znajduje si\u0119 galeria postaci. Galeria jest w trakcie tworzenia. Brakuje mi zdj\u0119\u0107 pozosta\u0142ych Zorginit\u00f3w.<\/p>\n","protected":false},"author":1,"featured_media":0,"parent":0,"menu_order":0,"comment_status":"closed","ping_status":"closed","template":"","meta":{"_kad_post_transparent":"","_kad_post_title":"","_kad_post_layout":"","_kad_post_sidebar_id":"","_kad_post_content_style":"","_kad_post_vertical_padding":"","_kad_post_feature":"","_kad_post_feature_position":"","_kad_post_header":false,"_kad_post_footer":false},"_links":{"self":[{"href":"https:\/\/www.zorg.swiezepomysly.pl\/index.php?rest_route=\/wp\/v2\/pages\/103"}],"collection":[{"href":"https:\/\/www.zorg.swiezepomysly.pl\/index.php?rest_route=\/wp\/v2\/pages"}],"about":[{"href":"https:\/\/www.zorg.swiezepomysly.pl\/index.php?rest_route=\/wp\/v2\/types\/page"}],"author":[{"embeddable":true,"href":"https:\/\/www.zorg.swiezepomysly.pl\/index.php?rest_route=\/wp\/v2\/users\/1"}],"replies":[{"embeddable":true,"href":"https:\/\/www.zorg.swiezepomysly.pl\/index.php?rest_route=%2Fwp%2Fv2%2Fcomments&post=103"}],"version-history":[{"count":16,"href":"https:\/\/www.zorg.swiezepomysly.pl\/index.php?rest_route=\/wp\/v2\/pages\/103\/revisions"}],"predecessor-version":[{"id":176,"href":"https:\/\/www.zorg.swiezepomysly.pl\/index.php?rest_route=\/wp\/v2\/pages\/103\/revisions\/176"}],"wp:attachment":[{"href":"https:\/\/www.zorg.swiezepomysly.pl\/index.php?rest_route=%2Fwp%2Fv2%2Fmedia&parent=103"}],"curies":[{"name":"wp","href":"https:\/\/api.w.org\/{rel}","templated":true}]}}